{"id":177,"date":"2022-10-19T06:45:23","date_gmt":"2022-10-19T06:45:23","guid":{"rendered":"http:\/\/ds-hypnose.de\/?page_id=177"},"modified":"2025-12-21T00:42:39","modified_gmt":"2025-12-20T22:42:39","slug":"sixhypnose","status":"publish","type":"page","link":"https:\/\/ds-hypnose.de\/index.php\/sixhypnose\/","title":{"rendered":"Showhypnose &amp; Medienauftritte"},"content":{"rendered":"\t\t<div data-elementor-type=\"wp-page\" data-elementor-id=\"177\" class=\"elementor elementor-177\">\n\t\t\t\t\t\t\t\t\t<section class=\"elementor-section elementor-top-section elementor-element elementor-element-dff9067 elementor-section-boxed elementor-section-height-default elementor-section-height-default\" data-id=\"dff9067\" data-element_type=\"section\">\n\t\t\t\t\t\t<div class=\"elementor-container elementor-column-gap-default\">\n\t\t\t\t\t<div class=\"aux-parallax-section elementor-column elementor-col-100 elementor-top-column elementor-element elementor-element-4488891\" data-id=\"4488891\" data-element_type=\"column\">\n\t\t\t<div class=\"elementor-widget-wrap elementor-element-populated\">\n\t\t\t\t\t\t\t\t<div class=\"elementor-element elementor-element-767af89 elementor-widget__width-initial elementor-widget elementor-widget-text-editor\" data-id=\"767af89\" data-element_type=\"widget\" data-widget_type=\"text-editor.default\">\n\t\t\t\t<div class=\"elementor-widget-container\">\n\t\t\t\t\t\t\t<p><span style=\"font-size: 1.6875em; letter-spacing: 0px;\">Showhypnose \u2013 meine Anf\u00e4nge &amp; Erfahrung<\/span><\/p><h4>Meine ersten intensiven Erfahrungen mit Hypnose habe ich im Bereich der <strong data-start=\"376\" data-end=\"391\">Showhypnose<\/strong> gesammelt.<br \/>Auf der B\u00fchne und vor laufender Kamera habe ich gelernt, wie schnell Menschen in einen fokussierten Zustand gelangen k\u00f6nnen \u2013 oft v\u00f6llig unerwartet und ohne Vorbereitung.<\/h4><h4>Diese Zeit hat meine heutige Arbeitsweise nachhaltig gepr\u00e4gt.<\/h4>\t\t\t\t\t\t<\/div>\n\t\t\t\t<\/div>\n\t\t\t\t\t<\/div>\n\t\t<\/div>\n\t\t\t\t\t\t\t<\/div>\n\t\t<\/section>\n\t\t\t\t<section class=\"elementor-section elementor-top-section elementor-element elementor-element-0a6be90 elementor-section-boxed elementor-section-height-default elementor-section-height-default\" data-id=\"0a6be90\" data-element_type=\"section\">\n\t\t\t\t\t\t<div class=\"elementor-container elementor-column-gap-default\">\n\t\t\t\t\t<div class=\"aux-parallax-section elementor-column elementor-col-50 elementor-top-column elementor-element elementor-element-b782ad9\" data-id=\"b782ad9\" data-element_type=\"column\">\n\t\t\t<div class=\"elementor-widget-wrap elementor-element-populated\">\n\t\t\t\t\t\t\t\t<div class=\"elementor-element elementor-element-686c899 elementor-widget elementor-widget-text-editor\" data-id=\"686c899\" data-element_type=\"widget\" data-widget_type=\"text-editor.default\">\n\t\t\t\t<div class=\"elementor-widget-container\">\n\t\t\t\t\t\t\t<h3 data-start=\"645\" data-end=\"680\">Spontane Hypnose &amp; Blitzhypnose<\/h3><h4>Ein besonderer Schwerpunkt meiner Showarbeit lag schon fr\u00fch auf <strong data-start=\"746\" data-end=\"773\">spontanen Hypnoseformen<\/strong>, oft auch als <strong data-start=\"788\" data-end=\"804\">Blitzhypnose<\/strong> bezeichnet.<br \/>Dabei geht es darum, Menschen innerhalb k\u00fcrzester Zeit in einen klar fokussierten Zustand zu f\u00fchren \u2013 <strong data-start=\"921\" data-end=\"994\">auch dann, wenn sie vorher keine bewusste Erwartung an Hypnose hatten<\/strong>.<\/h4><h4>Diese Arbeit erfordert viel Erfahrung, ein hohes Ma\u00df an Aufmerksamkeit und ein ausgepr\u00e4gtes Verantwortungsbewusstsein.<br \/>Bis heute zeige ich <strong data-start=\"1137\" data-end=\"1190\">Blitzhypnose regelm\u00e4\u00dfig im Rahmen meiner Seminare<\/strong>, um die Wirkung von Fokus, Sprache und innerer Aufmerksamkeit anschaulich zu demonstrieren.<\/h4><p>\u00a0<\/p>\t\t\t\t\t\t<\/div>\n\t\t\t\t<\/div>\n\t\t\t\t\t<\/div>\n\t\t<\/div>\n\t\t\t\t<div class=\"aux-parallax-section elementor-column elementor-col-50 elementor-top-column elementor-element elementor-element-a472c3b\" data-id=\"a472c3b\" data-element_type=\"column\">\n\t\t\t<div class=\"elementor-widget-wrap elementor-element-populated\">\n\t\t\t\t\t\t\t\t<div class=\"elementor-element elementor-element-e64daa9 elementor-widget elementor-widget-image\" data-id=\"e64daa9\" data-element_type=\"widget\" data-widget_type=\"image.default\">\n\t\t\t\t<div class=\"elementor-widget-container\">\n\t\t\t\t\t\t\t\t\t\t\t\t\t\t\t<img fetchpriority=\"high\" decoding=\"async\" width=\"1024\" height=\"768\" src=\"https:\/\/ds-hypnose.de\/wp-content\/uploads\/2025\/12\/35145952_1079950782174219_3164283195021590528_n.jpg\" class=\"attachment-large size-large wp-image-510\" alt=\"\" srcset=\"https:\/\/ds-hypnose.de\/wp-content\/uploads\/2025\/12\/35145952_1079950782174219_3164283195021590528_n.jpg 1024w, https:\/\/ds-hypnose.de\/wp-content\/uploads\/2025\/12\/35145952_1079950782174219_3164283195021590528_n-200x150.jpg 200w\" sizes=\"(max-width: 1024px) 100vw, 1024px\" \/>\t\t\t\t\t\t\t\t\t\t\t\t\t\t\t<\/div>\n\t\t\t\t<\/div>\n\t\t\t\t\t<\/div>\n\t\t<\/div>\n\t\t\t\t\t\t\t<\/div>\n\t\t<\/section>\n\t\t\t\t<section class=\"elementor-section elementor-top-section elementor-element elementor-element-a61a50f elementor-section-boxed elementor-section-height-default elementor-section-height-default\" data-id=\"a61a50f\" data-element_type=\"section\">\n\t\t\t\t\t\t<div class=\"elementor-container elementor-column-gap-default\">\n\t\t\t\t\t<div class=\"aux-parallax-section elementor-column elementor-col-50 elementor-top-column elementor-element elementor-element-d938ed9\" data-id=\"d938ed9\" data-element_type=\"column\">\n\t\t\t<div class=\"elementor-widget-wrap elementor-element-populated\">\n\t\t\t\t\t\t\t\t<div class=\"elementor-element elementor-element-73a4b8e elementor-widget elementor-widget-text-editor\" data-id=\"73a4b8e\" data-element_type=\"widget\" data-widget_type=\"text-editor.default\">\n\t\t\t\t<div class=\"elementor-widget-container\">\n\t\t\t\t\t\t\t<h3 data-start=\"1289\" data-end=\"1335\">Medienauftritt \u2013 bekannt aus dem Fernsehen<\/h3><p>\u00a0<\/p><h4>Meine Arbeit wurde unter anderem bei\u00a0<\/h4><p><strong style=\"font-size: 1.375em; letter-spacing: 0px;\" data-start=\"1374\" data-end=\"1415\">RTL Punkt 12<\/strong><span style=\"font-size: 1.375em; letter-spacing: 0px;\"> begleitet.<\/span><\/p><h4>Der Beitrag zeigt meine Arbeitsweise im Showkontext und dokumentiert, wie Hypnose auch in spontanen Situationen ruhig und respektvoll eingesetzt werden kann.<\/h4>\t\t\t\t\t\t<\/div>\n\t\t\t\t<\/div>\n\t\t\t\t\t<\/div>\n\t\t<\/div>\n\t\t\t\t<div class=\"aux-parallax-section elementor-column elementor-col-50 elementor-top-column elementor-element elementor-element-a39a45d\" data-id=\"a39a45d\" data-element_type=\"column\">\n\t\t\t<div class=\"elementor-widget-wrap elementor-element-populated\">\n\t\t\t\t\t\t\t\t<div class=\"elementor-element elementor-element-dcf0ffd elementor-widget elementor-widget-video\" data-id=\"dcf0ffd\" data-element_type=\"widget\" data-settings=\"{&quot;video_type&quot;:&quot;hosted&quot;,&quot;autoplay&quot;:&quot;yes&quot;,&quot;play_on_mobile&quot;:&quot;yes&quot;,&quot;controls&quot;:&quot;yes&quot;}\" data-widget_type=\"video.default\">\n\t\t\t\t<div class=\"elementor-widget-container\">\n\t\t\t\t\t<div class=\"e-hosted-video elementor-wrapper elementor-open-inline\">\n\t\t\t\t\t<video class=\"elementor-video\" src=\"http:\/\/ds-hypnose.de\/wp-content\/uploads\/2025\/12\/ssstik.io_1766269281433.mp4\" autoplay=\"\" controls=\"\" playsinline=\"\" controlsList=\"nodownload\"><\/video>\n\t\t\t\t<\/div>\n\t\t\t\t<\/div>\n\t\t\t\t<\/div>\n\t\t\t\t\t<\/div>\n\t\t<\/div>\n\t\t\t\t\t\t\t<\/div>\n\t\t<\/section>\n\t\t\t\t<section class=\"elementor-section elementor-top-section elementor-element elementor-element-4eb8ae4 elementor-section-boxed elementor-section-height-default elementor-section-height-default\" data-id=\"4eb8ae4\" data-element_type=\"section\">\n\t\t\t\t\t\t<div class=\"elementor-container elementor-column-gap-default\">\n\t\t\t\t\t<div class=\"aux-parallax-section elementor-column elementor-col-50 elementor-top-column elementor-element elementor-element-2ec8912\" data-id=\"2ec8912\" data-element_type=\"column\">\n\t\t\t<div class=\"elementor-widget-wrap elementor-element-populated\">\n\t\t\t\t\t\t\t\t<div class=\"elementor-element elementor-element-2ec09e0 elementor-widget elementor-widget-text-editor\" data-id=\"2ec09e0\" data-element_type=\"widget\" data-widget_type=\"text-editor.default\">\n\t\t\t\t<div class=\"elementor-widget-container\">\n\t\t\t\t\t\t\t<h3 data-start=\"188\" data-end=\"227\">Seminare &amp; internationale Erfahrung<\/h3><p data-start=\"229\" data-end=\"360\">Neben Auftritten und Seminaren im deutschsprachigen Raum habe ich \u00fcber mehrere Jahre hinweg <strong data-start=\"321\" data-end=\"346\">Seminare auf Mallorca<\/strong> durchgef\u00fchrt.<\/p><p data-start=\"362\" data-end=\"596\">Diese richteten sich vor allem an Menschen aus <strong data-start=\"409\" data-end=\"460\">medizinischen und therapeutischen Berufsgruppen<\/strong>, die bereits mit therapeutischer Hypnose vertraut waren, sich jedoch im praktischen Umgang oft <strong data-start=\"556\" data-end=\"587\">unsicher oder zur\u00fcckhaltend<\/strong> f\u00fchlten.<\/p><p data-start=\"598\" data-end=\"796\">Viele von ihnen verf\u00fcgten \u00fcber fundiertes Fachwissen,<br data-start=\"651\" data-end=\"654\" \/>hatten jedoch wenig Erfahrung darin, Hypnose <strong data-start=\"699\" data-end=\"735\">klar, sichtbar und selbstbewusst<\/strong> einzusetzen \u2013 insbesondere im direkten Kontakt mit Menschen.<\/p><p data-start=\"798\" data-end=\"969\">In den Seminaren ging es daher nicht um Show oder Effekte,<br data-start=\"856\" data-end=\"859\" \/>sondern um <strong data-start=\"870\" data-end=\"884\">Sicherheit<\/strong>, <strong data-start=\"886\" data-end=\"897\">Pr\u00e4senz<\/strong>, <strong data-start=\"899\" data-end=\"916\">Kommunikation<\/strong> und den bewussten Umgang mit hypnotischen Zust\u00e4nden.<\/p><p data-start=\"971\" data-end=\"1173\">Ein Schwerpunkt lag darauf, Ber\u00fchrungs\u00e4ngste abzubauen<br data-start=\"1025\" data-end=\"1028\" \/>und den Teilnehmenden mehr Vertrauen in die eigene Wahrnehmung, Wirkung und Haltung zu vermitteln \u2013<br data-start=\"1127\" data-end=\"1130\" \/>auch f\u00fcr den Einsatz in der eigenen Praxis.<\/p>\t\t\t\t\t\t<\/div>\n\t\t\t\t<\/div>\n\t\t\t\t\t<\/div>\n\t\t<\/div>\n\t\t\t\t<div class=\"aux-parallax-section elementor-column elementor-col-50 elementor-top-column elementor-element elementor-element-fc467e8\" data-id=\"fc467e8\" data-element_type=\"column\">\n\t\t\t<div class=\"elementor-widget-wrap elementor-element-populated\">\n\t\t\t\t\t\t\t\t<div class=\"elementor-element elementor-element-b341075 elementor-widget elementor-widget-video\" data-id=\"b341075\" data-element_type=\"widget\" data-settings=\"{&quot;video_type&quot;:&quot;hosted&quot;,&quot;controls&quot;:&quot;yes&quot;}\" data-widget_type=\"video.default\">\n\t\t\t\t<div class=\"elementor-widget-container\">\n\t\t\t\t\t<div class=\"e-hosted-video elementor-wrapper elementor-open-inline\">\n\t\t\t\t\t<video class=\"elementor-video\" src=\"http:\/\/ds-hypnose.de\/wp-content\/uploads\/2025\/12\/ssstik.io_1766270028558-1.mp4\" controls=\"\" preload=\"metadata\" controlsList=\"nodownload\"><\/video>\n\t\t\t\t<\/div>\n\t\t\t\t<\/div>\n\t\t\t\t<\/div>\n\t\t\t\t\t<\/div>\n\t\t<\/div>\n\t\t\t\t\t\t\t<\/div>\n\t\t<\/section>\n\t\t\t\t<section class=\"elementor-section elementor-top-section elementor-element elementor-element-275e28e elementor-section-boxed elementor-section-height-default elementor-section-height-default\" data-id=\"275e28e\" data-element_type=\"section\">\n\t\t\t\t\t\t<div class=\"elementor-container elementor-column-gap-default\">\n\t\t\t\t\t<div class=\"aux-parallax-section elementor-column elementor-col-100 elementor-top-column elementor-element elementor-element-1526252\" data-id=\"1526252\" data-element_type=\"column\">\n\t\t\t<div class=\"elementor-widget-wrap elementor-element-populated\">\n\t\t\t\t\t\t\t\t<div class=\"elementor-element elementor-element-9adba97 elementor-widget elementor-widget-text-editor\" data-id=\"9adba97\" data-element_type=\"widget\" data-widget_type=\"text-editor.default\">\n\t\t\t\t<div class=\"elementor-widget-container\">\n\t\t\t\t\t\t\t<h4><span style=\"font-family: Rubik; font-size: 1.6875em; letter-spacing: 0px;\">Klare Abgrenzung<br><\/span><strong data-start=\"2174\" data-end=\"2207\">Showhypnose ist Unterhaltung.<br><\/strong>Sie findet auf der B\u00fchne oder im \u00f6ffentlichen Rahmen statt.<br>Meine heutige Arbeit in der Praxis unterscheidet sich davon grundlegend.<br>Sie erfolgt <strong data-start=\"2358\" data-end=\"2375\">ohne Publikum<\/strong>, in ruhiger Atmosph\u00e4re und mit voller Aufmerksamkeit f\u00fcr den einzelnen Menschen.<br>Die Erfahrung aus der Showhypnose flie\u00dft dabei nicht als Unterhaltung ein,<br>sondern als <strong data-start=\"2547\" data-end=\"2600\">Sicherheit, Pr\u00e4senz und Verantwortungsbewusstsein<\/strong>.<br>Wenn du Fragen zu meiner Arbeit hast oder wissen m\u00f6chtest,<br>\nwie sich Showhypnose, Seminare und meine heutige Begleitung unterscheiden,<br>\nmelde dich gern.<\/h4>\t\t\t\t\t\t<\/div>\n\t\t\t\t<\/div>\n\t\t\t\t\t<\/div>\n\t\t<\/div>\n\t\t\t\t\t\t\t<\/div>\n\t\t<\/section>\n\t\t\t\t<section class=\"elementor-section elementor-top-section elementor-element elementor-element-07c1783 elementor-section-boxed elementor-section-height-default elementor-section-height-default\" data-id=\"07c1783\" data-element_type=\"section\">\n\t\t\t\t\t\t<div class=\"elementor-container elementor-column-gap-default\">\n\t\t\t\t\t<div class=\"aux-parallax-section elementor-column elementor-col-100 elementor-top-column elementor-element elementor-element-8dead62\" data-id=\"8dead62\" data-element_type=\"column\">\n\t\t\t<div class=\"elementor-widget-wrap elementor-element-populated\">\n\t\t\t\t\t\t\t\t<div class=\"elementor-element elementor-element-d1ecc16 elementor-align-center elementor-widget elementor-widget-button\" data-id=\"d1ecc16\" data-element_type=\"widget\" data-widget_type=\"button.default\">\n\t\t\t\t<div class=\"elementor-widget-container\">\n\t\t\t\t\t<div class=\"elementor-button-wrapper\">\n\t\t\t<a class=\"elementor-button elementor-button-link elementor-size-lg\" href=\"#dshypnose1@gmx.de\">\n\t\t\t\t\t\t<span class=\"elementor-button-content-wrapper\">\n\t\t\t\t\t\t<span class=\"elementor-button-text\">Email <\/span>\n\t\t<\/span>\n\t\t\t\t\t<\/a>\n\t\t<\/div>\n\t\t\t\t<\/div>\n\t\t\t\t<\/div>\n\t\t\t\t\t<\/div>\n\t\t<\/div>\n\t\t\t\t\t\t\t<\/div>\n\t\t<\/section>\n\t\t\t\t\t\t\t<\/div>\n\t\t","protected":false},"excerpt":{"rendered":"<p>Showhypnose \u2013 meine Anf\u00e4nge &amp; Erfahrung Meine ersten intensiven Erfahrungen mit Hypnose habe ich im Bereich der Showhypnose gesammelt.Auf der B\u00fchne und vor laufender Kamera habe ich gelernt, wie schnell Menschen in einen fokussierten Zustand gelangen k\u00f6nnen \u2013 oft v\u00f6llig unerwartet und ohne Vorbereitung. Diese Zeit hat meine heutige Arbeitsweise nachhaltig gepr\u00e4gt. Spontane Hypnose &amp; [&hellip;]<\/p>\n","protected":false},"author":1,"featured_media":0,"parent":0,"menu_order":0,"comment_status":"closed","ping_status":"closed","template":"","meta":{"footnotes":""},"class_list":["post-177","page","type-page","status-publish","hentry"],"yoast_head":"<!-- This site is optimized with the Yoast SEO plugin v24.3 - https:\/\/yoast.com\/wordpress\/plugins\/seo\/ -->\n<title>Showhypnose &amp; Medienauftritte - Dirk Siemer - Hypnosetherapeut<\/title>\n<meta name=\"robots\" content=\"index, follow, max-snippet:-1, max-image-preview:large, max-video-preview:-1\" \/>\n<link rel=\"canonical\" href=\"https:\/\/ds-hypnose.de\/index.php\/sixhypnose\/\" \/>\n<meta property=\"og:locale\" content=\"de_DE\" \/>\n<meta property=\"og:type\" content=\"article\" \/>\n<meta property=\"og:title\" content=\"Showhypnose &amp; Medienauftritte - Dirk Siemer - Hypnosetherapeut\" \/>\n<meta property=\"og:description\" content=\"Showhypnose \u2013 meine Anf\u00e4nge &amp; Erfahrung Meine ersten intensiven Erfahrungen mit Hypnose habe ich im Bereich der Showhypnose gesammelt.Auf der B\u00fchne und vor laufender Kamera habe ich gelernt, wie schnell Menschen in einen fokussierten Zustand gelangen k\u00f6nnen \u2013 oft v\u00f6llig unerwartet und ohne Vorbereitung. Diese Zeit hat meine heutige Arbeitsweise nachhaltig gepr\u00e4gt. Spontane Hypnose &amp; [&hellip;]\" \/>\n<meta property=\"og:url\" content=\"https:\/\/ds-hypnose.de\/index.php\/sixhypnose\/\" \/>\n<meta property=\"og:site_name\" content=\"Dirk Siemer - Hypnosetherapeut\" \/>\n<meta property=\"article:modified_time\" content=\"2025-12-20T22:42:39+00:00\" \/>\n<meta property=\"og:image\" content=\"http:\/\/ds-hypnose.de\/wp-content\/uploads\/2025\/12\/35145952_1079950782174219_3164283195021590528_n.jpg\" \/>\n<meta name=\"twitter:card\" content=\"summary_large_image\" \/>\n<meta name=\"twitter:label1\" content=\"Gesch\u00e4tzte Lesezeit\" \/>\n\t<meta name=\"twitter:data1\" content=\"3\u00a0Minuten\" \/>\n<script type=\"application\/ld+json\" class=\"yoast-schema-graph\">{\"@context\":\"https:\/\/schema.org\",\"@graph\":[{\"@type\":\"WebPage\",\"@id\":\"https:\/\/ds-hypnose.de\/index.php\/sixhypnose\/\",\"url\":\"https:\/\/ds-hypnose.de\/index.php\/sixhypnose\/\",\"name\":\"Showhypnose &amp; Medienauftritte - Dirk Siemer - Hypnosetherapeut\",\"isPartOf\":{\"@id\":\"http:\/\/ds-hypnose.de\/#website\"},\"primaryImageOfPage\":{\"@id\":\"https:\/\/ds-hypnose.de\/index.php\/sixhypnose\/#primaryimage\"},\"image\":{\"@id\":\"https:\/\/ds-hypnose.de\/index.php\/sixhypnose\/#primaryimage\"},\"thumbnailUrl\":\"http:\/\/ds-hypnose.de\/wp-content\/uploads\/2025\/12\/35145952_1079950782174219_3164283195021590528_n.jpg\",\"datePublished\":\"2022-10-19T06:45:23+00:00\",\"dateModified\":\"2025-12-20T22:42:39+00:00\",\"breadcrumb\":{\"@id\":\"https:\/\/ds-hypnose.de\/index.php\/sixhypnose\/#breadcrumb\"},\"inLanguage\":\"de\",\"potentialAction\":[{\"@type\":\"ReadAction\",\"target\":[\"https:\/\/ds-hypnose.de\/index.php\/sixhypnose\/\"]}]},{\"@type\":\"ImageObject\",\"inLanguage\":\"de\",\"@id\":\"https:\/\/ds-hypnose.de\/index.php\/sixhypnose\/#primaryimage\",\"url\":\"https:\/\/ds-hypnose.de\/wp-content\/uploads\/2025\/12\/35145952_1079950782174219_3164283195021590528_n.jpg\",\"contentUrl\":\"https:\/\/ds-hypnose.de\/wp-content\/uploads\/2025\/12\/35145952_1079950782174219_3164283195021590528_n.jpg\",\"width\":1024,\"height\":768},{\"@type\":\"BreadcrumbList\",\"@id\":\"https:\/\/ds-hypnose.de\/index.php\/sixhypnose\/#breadcrumb\",\"itemListElement\":[{\"@type\":\"ListItem\",\"position\":1,\"name\":\"Startseite\",\"item\":\"http:\/\/ds-hypnose.de\/\"},{\"@type\":\"ListItem\",\"position\":2,\"name\":\"Showhypnose &amp; Medienauftritte\"}]},{\"@type\":\"WebSite\",\"@id\":\"http:\/\/ds-hypnose.de\/#website\",\"url\":\"http:\/\/ds-hypnose.de\/\",\"name\":\"Dirk Siemer - Hypnosetherapeut\",\"description\":\"\u201eWenn es innen wieder leiser werden darf.\u201c\",\"publisher\":{\"@id\":\"http:\/\/ds-hypnose.de\/#organization\"},\"potentialAction\":[{\"@type\":\"SearchAction\",\"target\":{\"@type\":\"EntryPoint\",\"urlTemplate\":\"http:\/\/ds-hypnose.de\/?s={search_term_string}\"},\"query-input\":{\"@type\":\"PropertyValueSpecification\",\"valueRequired\":true,\"valueName\":\"search_term_string\"}}],\"inLanguage\":\"de\"},{\"@type\":\"Organization\",\"@id\":\"http:\/\/ds-hypnose.de\/#organization\",\"name\":\"Dirk Siemer - Hypnosetherapeut\",\"url\":\"http:\/\/ds-hypnose.de\/\",\"logo\":{\"@type\":\"ImageObject\",\"inLanguage\":\"de\",\"@id\":\"http:\/\/ds-hypnose.de\/#\/schema\/logo\/image\/\",\"url\":\"http:\/\/ds-hypnose.de\/wp-content\/uploads\/2022\/10\/PicsArt_04-15-03.37.55.jpg\",\"contentUrl\":\"http:\/\/ds-hypnose.de\/wp-content\/uploads\/2022\/10\/PicsArt_04-15-03.37.55.jpg\",\"width\":257,\"height\":341,\"caption\":\"Dirk Siemer - Hypnosetherapeut\"},\"image\":{\"@id\":\"http:\/\/ds-hypnose.de\/#\/schema\/logo\/image\/\"}}]}<\/script>\n<!-- \/ Yoast SEO plugin. -->","yoast_head_json":{"title":"Showhypnose &amp; Medienauftritte - Dirk Siemer - Hypnosetherapeut","robots":{"index":"index","follow":"follow","max-snippet":"max-snippet:-1","max-image-preview":"max-image-preview:large","max-video-preview":"max-video-preview:-1"},"canonical":"https:\/\/ds-hypnose.de\/index.php\/sixhypnose\/","og_locale":"de_DE","og_type":"article","og_title":"Showhypnose &amp; Medienauftritte - Dirk Siemer - Hypnosetherapeut","og_description":"Showhypnose \u2013 meine Anf\u00e4nge &amp; Erfahrung Meine ersten intensiven Erfahrungen mit Hypnose habe ich im Bereich der Showhypnose gesammelt.Auf der B\u00fchne und vor laufender Kamera habe ich gelernt, wie schnell Menschen in einen fokussierten Zustand gelangen k\u00f6nnen \u2013 oft v\u00f6llig unerwartet und ohne Vorbereitung. Diese Zeit hat meine heutige Arbeitsweise nachhaltig gepr\u00e4gt. Spontane Hypnose &amp; [&hellip;]","og_url":"https:\/\/ds-hypnose.de\/index.php\/sixhypnose\/","og_site_name":"Dirk Siemer - Hypnosetherapeut","article_modified_time":"2025-12-20T22:42:39+00:00","og_image":[{"url":"http:\/\/ds-hypnose.de\/wp-content\/uploads\/2025\/12\/35145952_1079950782174219_3164283195021590528_n.jpg","type":"","width":"","height":""}],"twitter_card":"summary_large_image","twitter_misc":{"Gesch\u00e4tzte Lesezeit":"3\u00a0Minuten"},"schema":{"@context":"https:\/\/schema.org","@graph":[{"@type":"WebPage","@id":"https:\/\/ds-hypnose.de\/index.php\/sixhypnose\/","url":"https:\/\/ds-hypnose.de\/index.php\/sixhypnose\/","name":"Showhypnose &amp; Medienauftritte - Dirk Siemer - Hypnosetherapeut","isPartOf":{"@id":"http:\/\/ds-hypnose.de\/#website"},"primaryImageOfPage":{"@id":"https:\/\/ds-hypnose.de\/index.php\/sixhypnose\/#primaryimage"},"image":{"@id":"https:\/\/ds-hypnose.de\/index.php\/sixhypnose\/#primaryimage"},"thumbnailUrl":"http:\/\/ds-hypnose.de\/wp-content\/uploads\/2025\/12\/35145952_1079950782174219_3164283195021590528_n.jpg","datePublished":"2022-10-19T06:45:23+00:00","dateModified":"2025-12-20T22:42:39+00:00","breadcrumb":{"@id":"https:\/\/ds-hypnose.de\/index.php\/sixhypnose\/#breadcrumb"},"inLanguage":"de","potentialAction":[{"@type":"ReadAction","target":["https:\/\/ds-hypnose.de\/index.php\/sixhypnose\/"]}]},{"@type":"ImageObject","inLanguage":"de","@id":"https:\/\/ds-hypnose.de\/index.php\/sixhypnose\/#primaryimage","url":"https:\/\/ds-hypnose.de\/wp-content\/uploads\/2025\/12\/35145952_1079950782174219_3164283195021590528_n.jpg","contentUrl":"https:\/\/ds-hypnose.de\/wp-content\/uploads\/2025\/12\/35145952_1079950782174219_3164283195021590528_n.jpg","width":1024,"height":768},{"@type":"BreadcrumbList","@id":"https:\/\/ds-hypnose.de\/index.php\/sixhypnose\/#breadcrumb","itemListElement":[{"@type":"ListItem","position":1,"name":"Startseite","item":"http:\/\/ds-hypnose.de\/"},{"@type":"ListItem","position":2,"name":"Showhypnose &amp; Medienauftritte"}]},{"@type":"WebSite","@id":"http:\/\/ds-hypnose.de\/#website","url":"http:\/\/ds-hypnose.de\/","name":"Dirk Siemer - Hypnosetherapeut","description":"\u201eWenn es innen wieder leiser werden darf.\u201c","publisher":{"@id":"http:\/\/ds-hypnose.de\/#organization"},"potentialAction":[{"@type":"SearchAction","target":{"@type":"EntryPoint","urlTemplate":"http:\/\/ds-hypnose.de\/?s={search_term_string}"},"query-input":{"@type":"PropertyValueSpecification","valueRequired":true,"valueName":"search_term_string"}}],"inLanguage":"de"},{"@type":"Organization","@id":"http:\/\/ds-hypnose.de\/#organization","name":"Dirk Siemer - Hypnosetherapeut","url":"http:\/\/ds-hypnose.de\/","logo":{"@type":"ImageObject","inLanguage":"de","@id":"http:\/\/ds-hypnose.de\/#\/schema\/logo\/image\/","url":"http:\/\/ds-hypnose.de\/wp-content\/uploads\/2022\/10\/PicsArt_04-15-03.37.55.jpg","contentUrl":"http:\/\/ds-hypnose.de\/wp-content\/uploads\/2022\/10\/PicsArt_04-15-03.37.55.jpg","width":257,"height":341,"caption":"Dirk Siemer - Hypnosetherapeut"},"image":{"@id":"http:\/\/ds-hypnose.de\/#\/schema\/logo\/image\/"}}]}},"_links":{"self":[{"href":"https:\/\/ds-hypnose.de\/index.php\/wp-json\/wp\/v2\/pages\/177","targetHints":{"allow":["GET"]}}],"collection":[{"href":"https:\/\/ds-hypnose.de\/index.php\/wp-json\/wp\/v2\/pages"}],"about":[{"href":"https:\/\/ds-hypnose.de\/index.php\/wp-json\/wp\/v2\/types\/page"}],"author":[{"embeddable":true,"href":"https:\/\/ds-hypnose.de\/index.php\/wp-json\/wp\/v2\/users\/1"}],"replies":[{"embeddable":true,"href":"https:\/\/ds-hypnose.de\/index.php\/wp-json\/wp\/v2\/comments?post=177"}],"version-history":[{"count":14,"href":"https:\/\/ds-hypnose.de\/index.php\/wp-json\/wp\/v2\/pages\/177\/revisions"}],"predecessor-version":[{"id":685,"href":"https:\/\/ds-hypnose.de\/index.php\/wp-json\/wp\/v2\/pages\/177\/revisions\/685"}],"wp:attachment":[{"href":"https:\/\/ds-hypnose.de\/index.php\/wp-json\/wp\/v2\/media?parent=177"}],"curies":[{"name":"wp","href":"https:\/\/api.w.org\/{rel}","templated":true}]}}