{"id":145,"date":"2022-10-19T06:44:01","date_gmt":"2022-10-19T06:44:01","guid":{"rendered":"http:\/\/ds-hypnose.de\/?page_id=145"},"modified":"2025-12-13T01:11:54","modified_gmt":"2025-12-12T23:11:54","slug":"was-ist-hypnose-wirkung-ablauf-vorteile-ds-hypnose-recklinghausen","status":"publish","type":"page","link":"https:\/\/ds-hypnose.de\/index.php\/was-ist-hypnose-wirkung-ablauf-vorteile-ds-hypnose-recklinghausen\/","title":{"rendered":"Was ist Hypnose? \u2013 Eine verst\u00e4ndliche Erkl\u00e4rung"},"content":{"rendered":"\t\t<div data-elementor-type=\"wp-page\" data-elementor-id=\"145\" class=\"elementor elementor-145\">\n\t\t\t\t\t\t\t\t\t<section class=\"elementor-section elementor-top-section elementor-element elementor-element-118fcf60 elementor-section-boxed elementor-section-height-default elementor-section-height-default\" data-id=\"118fcf60\" data-element_type=\"section\">\n\t\t\t\t\t\t<div class=\"elementor-container elementor-column-gap-default\">\n\t\t\t\t\t<div class=\"aux-parallax-section elementor-column elementor-col-100 elementor-top-column elementor-element elementor-element-7f478bea\" data-id=\"7f478bea\" data-element_type=\"column\">\n\t\t\t<div class=\"elementor-widget-wrap elementor-element-populated\">\n\t\t\t\t\t\t\t\t<div class=\"elementor-element elementor-element-5009bdad elementor-widget elementor-widget-text-editor\" data-id=\"5009bdad\" data-element_type=\"widget\" data-widget_type=\"text-editor.default\">\n\t\t\t\t<div class=\"elementor-widget-container\">\n\t\t\t\t\t\t\t<p data-start=\"589\" data-end=\"859\"><strong data-start=\"589\" data-end=\"740\">Hypnose ist ein nat\u00fcrlicher Zustand tiefer Entspannung und innerer Konzentration \u2013 ein Zustand, den jeder Mensch ganz automatisch jeden Tag erlebt.<\/strong><br data-start=\"740\" data-end=\"743\" \/>Zum Beispiel kurz vor dem Einschlafen, beim Autofahren, Musik h\u00f6ren oder wenn man v\u00f6llig in einem Gedanken versinkt.<\/p>\n<p data-start=\"861\" data-end=\"1104\">In der Hypnose wird der bewusste Verstand ruhiger, w\u00e4hrend das Unterbewusstsein klar, aufmerksam und aufnahmef\u00e4hig wird.<br data-start=\"981\" data-end=\"984\" \/>Genau dort liegen deine inneren Muster, Gewohnheiten, Blockaden \u2013 aber auch deine St\u00e4rke, Motivation, Ruhe und L\u00f6sungen.<\/p>\n<p data-start=\"1106\" data-end=\"1303\"><strong data-start=\"1106\" data-end=\"1143\">Hypnose ist kein Kontrollverlust.<\/strong><br data-start=\"1143\" data-end=\"1146\" \/>Du bekommst alles mit, du kannst jederzeit sprechen, entscheiden und die Hypnose beenden.<br data-start=\"1235\" data-end=\"1238\" \/>Du bleibst immer du selbst \u2013 nur entspannter, offener und klarer.<\/p>\n<p data-start=\"1305\" data-end=\"1395\">Mit gezielten Suggestionen, mentalen Techniken und tiefenentspannten Prozessen k\u00f6nnen wir:<\/p>\n<ul data-start=\"1397\" data-end=\"1616\">\n<li data-start=\"1397\" data-end=\"1423\">\n<p data-start=\"1399\" data-end=\"1423\"><img fetchpriority=\"high\" decoding=\"async\" class=\"size-full wp-image-229 alignright\" src=\"http:\/\/ds-hypnose.de\/wp-content\/uploads\/2022\/10\/3.jpg\" alt=\"\" width=\"191\" height=\"288\" \/>innere Blockaden l\u00f6sen<\/p>\n<\/li>\n<li data-start=\"1424\" data-end=\"1463\">\n<p data-start=\"1426\" data-end=\"1463\">belastende Gedankenmuster ver\u00e4ndern<\/p>\n<\/li>\n<li data-start=\"1464\" data-end=\"1507\">\n<p data-start=\"1466\" data-end=\"1507\">Selbstwert und innere St\u00e4rke aktivieren<\/p>\n<\/li>\n<li data-start=\"1508\" data-end=\"1531\">\n<p data-start=\"1510\" data-end=\"1531\">Emotionen beruhigen<\/p>\n<\/li>\n<li data-start=\"1532\" data-end=\"1565\">\n<p data-start=\"1534\" data-end=\"1565\">alte Erfahrungen neu bewerten<\/p>\n<\/li>\n<li data-start=\"1566\" data-end=\"1616\">\n<p data-start=\"1568\" data-end=\"1616\">neue Wege im Denken, F\u00fchlen und Handeln \u00f6ffnen<\/p>\n<\/li>\n<\/ul>\n<p data-start=\"1618\" data-end=\"1658\">Viele meiner Klienten beschreiben es so:<\/p>\n<p data-start=\"1660\" data-end=\"1807\">???? <strong data-start=\"1663\" data-end=\"1736\">\u201eEs war, als h\u00e4tte ich zum ersten Mal seit Jahren tief durchgeatmet.\u201c<\/strong><br data-start=\"1736\" data-end=\"1739\" \/>???? <strong data-start=\"1742\" data-end=\"1807\">\u201eIch war v\u00f6llig wach \u2013 aber innerlich so ruhig wie noch nie.\u201c<\/strong><\/p>\n<p data-start=\"1809\" data-end=\"1938\">Hypnose ist kein Wunder \u2013 aber <strong data-start=\"1840\" data-end=\"1853\">sie wirkt<\/strong>, weil sie dort ansetzt, wo Ver\u00e4nderung wirklich entsteht:<br data-start=\"1911\" data-end=\"1914\" \/><strong data-start=\"1914\" data-end=\"1938\">Im Unterbewusstsein.<\/strong><\/p>\n<p>\u00a0<\/p>\n<!-- wp:paragraph -->\n<p>\u00a0<\/p>\n<!-- \/wp:paragraph -->\t\t\t\t\t\t<\/div>\n\t\t\t\t<\/div>\n\t\t\t\t\t<\/div>\n\t\t<\/div>\n\t\t\t\t\t\t\t<\/div>\n\t\t<\/section>\n\t\t\t\t\t\t\t<\/div>\n\t\t","protected":false},"excerpt":{"rendered":"<p>Hypnose ist ein nat\u00fcrlicher Zustand tiefer Entspannung und innerer Konzentration \u2013 ein Zustand, den jeder Mensch ganz automatisch jeden Tag erlebt.Zum Beispiel kurz vor dem Einschlafen, beim Autofahren, Musik h\u00f6ren oder wenn man v\u00f6llig in einem Gedanken versinkt. In der Hypnose wird der bewusste Verstand ruhiger, w\u00e4hrend das Unterbewusstsein klar, aufmerksam und aufnahmef\u00e4hig wird.Genau dort [&hellip;]<\/p>\n","protected":false},"author":1,"featured_media":0,"parent":0,"menu_order":0,"comment_status":"closed","ping_status":"closed","template":"","meta":{"footnotes":""},"class_list":["post-145","page","type-page","status-publish","hentry"],"yoast_head":"<!-- This site is optimized with the Yoast SEO plugin v24.3 - https:\/\/yoast.com\/wordpress\/plugins\/seo\/ -->\n<title>Was ist Hypnose? \u2013 Eine verst\u00e4ndliche Erkl\u00e4rung - Dirk Siemer - Hypnosetherapeut<\/title>\n<meta name=\"description\" content=\"Hypnose ist ein nat\u00fcrlicher Zustand, den jeder Mensch jeden Tag erlebt \u2013 ganz automatisch. Immer dann, wenn wir kurz vor dem Einschlafen sind, kurz vor dem Aufwachen stehen oder gedankenversunken vor dem Fernseher sitzen, gleiten wir in eine leichte Trance. Die Au\u00dfenwelt wird unwichtiger, der K\u00f6rper entspannt sich, und wir sind gleichzeitig wach und tief in uns selbst versunken.Genau diesen Zustand nutzt man in der Hypnose. Er erm\u00f6glicht eine tiefere Form der Entspannung und eine st\u00e4rkere Fokussierung auf das innere Erleben. Sie bekommen dabei alles mit, bleiben jederzeit ansprechbar und behalten zu jedem Moment die volle Kontrolle. Niemand ist w\u00e4hrend einer Hypnose willenlos \u2013 im Gegenteil: Sie erleben bewusst, wie sich innere Ruhe ausbreitet und neue Klarheit entsteht.Sollte sich ein Gef\u00fchl einmal nicht gut anf\u00fchlen, k\u00f6nnen Sie sich jederzeit selbst aus der Hypnose herausf\u00fchren. Hypnose ist vollkommen sicher, sanft und wirkt unterst\u00fctzend auf K\u00f6rper und Geist. Bis heute ist jeder entspannt und klar aus einer Hypnose zur\u00fcckgekehrt \u2013 oft mit mehr Gelassenheit, Leichtigkeit und innerer St\u00e4rke.\" \/>\n<meta name=\"robots\" content=\"index, follow, max-snippet:-1, max-image-preview:large, max-video-preview:-1\" \/>\n<link rel=\"canonical\" href=\"https:\/\/ds-hypnose.de\/index.php\/was-ist-hypnose-wirkung-ablauf-vorteile-ds-hypnose-recklinghausen\/\" \/>\n<meta property=\"og:locale\" content=\"de_DE\" \/>\n<meta property=\"og:type\" content=\"article\" \/>\n<meta property=\"og:title\" content=\"Was ist Hypnose? \u2013 Eine verst\u00e4ndliche Erkl\u00e4rung - Dirk Siemer - Hypnosetherapeut\" \/>\n<meta property=\"og:description\" content=\"Hypnose ist ein nat\u00fcrlicher Zustand, den jeder Mensch jeden Tag erlebt \u2013 ganz automatisch. Immer dann, wenn wir kurz vor dem Einschlafen sind, kurz vor dem Aufwachen stehen oder gedankenversunken vor dem Fernseher sitzen, gleiten wir in eine leichte Trance. Die Au\u00dfenwelt wird unwichtiger, der K\u00f6rper entspannt sich, und wir sind gleichzeitig wach und tief in uns selbst versunken.Genau diesen Zustand nutzt man in der Hypnose. Er erm\u00f6glicht eine tiefere Form der Entspannung und eine st\u00e4rkere Fokussierung auf das innere Erleben. Sie bekommen dabei alles mit, bleiben jederzeit ansprechbar und behalten zu jedem Moment die volle Kontrolle. Niemand ist w\u00e4hrend einer Hypnose willenlos \u2013 im Gegenteil: Sie erleben bewusst, wie sich innere Ruhe ausbreitet und neue Klarheit entsteht.Sollte sich ein Gef\u00fchl einmal nicht gut anf\u00fchlen, k\u00f6nnen Sie sich jederzeit selbst aus der Hypnose herausf\u00fchren. Hypnose ist vollkommen sicher, sanft und wirkt unterst\u00fctzend auf K\u00f6rper und Geist. Bis heute ist jeder entspannt und klar aus einer Hypnose zur\u00fcckgekehrt \u2013 oft mit mehr Gelassenheit, Leichtigkeit und innerer St\u00e4rke.\" \/>\n<meta property=\"og:url\" content=\"https:\/\/ds-hypnose.de\/index.php\/was-ist-hypnose-wirkung-ablauf-vorteile-ds-hypnose-recklinghausen\/\" \/>\n<meta property=\"og:site_name\" content=\"Dirk Siemer - Hypnosetherapeut\" \/>\n<meta property=\"article:modified_time\" content=\"2025-12-12T23:11:54+00:00\" \/>\n<meta property=\"og:image\" content=\"http:\/\/ds-hypnose.de\/wp-content\/uploads\/2022\/10\/3.jpg\" \/>\n<meta name=\"twitter:card\" content=\"summary_large_image\" \/>\n<meta name=\"twitter:label1\" content=\"Gesch\u00e4tzte Lesezeit\" \/>\n\t<meta name=\"twitter:data1\" content=\"2\u00a0Minuten\" \/>\n<script type=\"application\/ld+json\" class=\"yoast-schema-graph\">{\"@context\":\"https:\/\/schema.org\",\"@graph\":[{\"@type\":\"WebPage\",\"@id\":\"https:\/\/ds-hypnose.de\/index.php\/was-ist-hypnose-wirkung-ablauf-vorteile-ds-hypnose-recklinghausen\/\",\"url\":\"https:\/\/ds-hypnose.de\/index.php\/was-ist-hypnose-wirkung-ablauf-vorteile-ds-hypnose-recklinghausen\/\",\"name\":\"Was ist Hypnose? \u2013 Eine verst\u00e4ndliche Erkl\u00e4rung - Dirk Siemer - Hypnosetherapeut\",\"isPartOf\":{\"@id\":\"https:\/\/ds-hypnose.de\/#website\"},\"primaryImageOfPage\":{\"@id\":\"https:\/\/ds-hypnose.de\/index.php\/was-ist-hypnose-wirkung-ablauf-vorteile-ds-hypnose-recklinghausen\/#primaryimage\"},\"image\":{\"@id\":\"https:\/\/ds-hypnose.de\/index.php\/was-ist-hypnose-wirkung-ablauf-vorteile-ds-hypnose-recklinghausen\/#primaryimage\"},\"thumbnailUrl\":\"http:\/\/ds-hypnose.de\/wp-content\/uploads\/2022\/10\/3.jpg\",\"datePublished\":\"2022-10-19T06:44:01+00:00\",\"dateModified\":\"2025-12-12T23:11:54+00:00\",\"description\":\"Hypnose ist ein nat\u00fcrlicher Zustand, den jeder Mensch jeden Tag erlebt \u2013 ganz automatisch. Immer dann, wenn wir kurz vor dem Einschlafen sind, kurz vor dem Aufwachen stehen oder gedankenversunken vor dem Fernseher sitzen, gleiten wir in eine leichte Trance. Die Au\u00dfenwelt wird unwichtiger, der K\u00f6rper entspannt sich, und wir sind gleichzeitig wach und tief in uns selbst versunken.Genau diesen Zustand nutzt man in der Hypnose. Er erm\u00f6glicht eine tiefere Form der Entspannung und eine st\u00e4rkere Fokussierung auf das innere Erleben. Sie bekommen dabei alles mit, bleiben jederzeit ansprechbar und behalten zu jedem Moment die volle Kontrolle. Niemand ist w\u00e4hrend einer Hypnose willenlos \u2013 im Gegenteil: Sie erleben bewusst, wie sich innere Ruhe ausbreitet und neue Klarheit entsteht.Sollte sich ein Gef\u00fchl einmal nicht gut anf\u00fchlen, k\u00f6nnen Sie sich jederzeit selbst aus der Hypnose herausf\u00fchren. Hypnose ist vollkommen sicher, sanft und wirkt unterst\u00fctzend auf K\u00f6rper und Geist. Bis heute ist jeder entspannt und klar aus einer Hypnose zur\u00fcckgekehrt \u2013 oft mit mehr Gelassenheit, Leichtigkeit und innerer St\u00e4rke.\",\"breadcrumb\":{\"@id\":\"https:\/\/ds-hypnose.de\/index.php\/was-ist-hypnose-wirkung-ablauf-vorteile-ds-hypnose-recklinghausen\/#breadcrumb\"},\"inLanguage\":\"de\",\"potentialAction\":[{\"@type\":\"ReadAction\",\"target\":[\"https:\/\/ds-hypnose.de\/index.php\/was-ist-hypnose-wirkung-ablauf-vorteile-ds-hypnose-recklinghausen\/\"]}]},{\"@type\":\"ImageObject\",\"inLanguage\":\"de\",\"@id\":\"https:\/\/ds-hypnose.de\/index.php\/was-ist-hypnose-wirkung-ablauf-vorteile-ds-hypnose-recklinghausen\/#primaryimage\",\"url\":\"https:\/\/ds-hypnose.de\/wp-content\/uploads\/2022\/10\/3.jpg\",\"contentUrl\":\"https:\/\/ds-hypnose.de\/wp-content\/uploads\/2022\/10\/3.jpg\",\"width\":191,\"height\":288},{\"@type\":\"BreadcrumbList\",\"@id\":\"https:\/\/ds-hypnose.de\/index.php\/was-ist-hypnose-wirkung-ablauf-vorteile-ds-hypnose-recklinghausen\/#breadcrumb\",\"itemListElement\":[{\"@type\":\"ListItem\",\"position\":1,\"name\":\"Startseite\",\"item\":\"https:\/\/ds-hypnose.de\/\"},{\"@type\":\"ListItem\",\"position\":2,\"name\":\"Was ist Hypnose? \u2013 Eine verst\u00e4ndliche Erkl\u00e4rung\"}]},{\"@type\":\"WebSite\",\"@id\":\"https:\/\/ds-hypnose.de\/#website\",\"url\":\"https:\/\/ds-hypnose.de\/\",\"name\":\"Dirk Siemer - Hypnosetherapeut\",\"description\":\"\u201eWenn es innen wieder leiser werden darf.\u201c\",\"publisher\":{\"@id\":\"https:\/\/ds-hypnose.de\/#organization\"},\"potentialAction\":[{\"@type\":\"SearchAction\",\"target\":{\"@type\":\"EntryPoint\",\"urlTemplate\":\"https:\/\/ds-hypnose.de\/?s={search_term_string}\"},\"query-input\":{\"@type\":\"PropertyValueSpecification\",\"valueRequired\":true,\"valueName\":\"search_term_string\"}}],\"inLanguage\":\"de\"},{\"@type\":\"Organization\",\"@id\":\"https:\/\/ds-hypnose.de\/#organization\",\"name\":\"Dirk Siemer - Hypnosetherapeut\",\"url\":\"https:\/\/ds-hypnose.de\/\",\"logo\":{\"@type\":\"ImageObject\",\"inLanguage\":\"de\",\"@id\":\"https:\/\/ds-hypnose.de\/#\/schema\/logo\/image\/\",\"url\":\"http:\/\/ds-hypnose.de\/wp-content\/uploads\/2022\/10\/PicsArt_04-15-03.37.55.jpg\",\"contentUrl\":\"http:\/\/ds-hypnose.de\/wp-content\/uploads\/2022\/10\/PicsArt_04-15-03.37.55.jpg\",\"width\":257,\"height\":341,\"caption\":\"Dirk Siemer - Hypnosetherapeut\"},\"image\":{\"@id\":\"https:\/\/ds-hypnose.de\/#\/schema\/logo\/image\/\"}}]}<\/script>\n<!-- \/ Yoast SEO plugin. -->","yoast_head_json":{"title":"Was ist Hypnose? \u2013 Eine verst\u00e4ndliche Erkl\u00e4rung - Dirk Siemer - Hypnosetherapeut","description":"Hypnose ist ein nat\u00fcrlicher Zustand, den jeder Mensch jeden Tag erlebt \u2013 ganz automatisch. Immer dann, wenn wir kurz vor dem Einschlafen sind, kurz vor dem Aufwachen stehen oder gedankenversunken vor dem Fernseher sitzen, gleiten wir in eine leichte Trance. Die Au\u00dfenwelt wird unwichtiger, der K\u00f6rper entspannt sich, und wir sind gleichzeitig wach und tief in uns selbst versunken.Genau diesen Zustand nutzt man in der Hypnose. Er erm\u00f6glicht eine tiefere Form der Entspannung und eine st\u00e4rkere Fokussierung auf das innere Erleben. Sie bekommen dabei alles mit, bleiben jederzeit ansprechbar und behalten zu jedem Moment die volle Kontrolle. Niemand ist w\u00e4hrend einer Hypnose willenlos \u2013 im Gegenteil: Sie erleben bewusst, wie sich innere Ruhe ausbreitet und neue Klarheit entsteht.Sollte sich ein Gef\u00fchl einmal nicht gut anf\u00fchlen, k\u00f6nnen Sie sich jederzeit selbst aus der Hypnose herausf\u00fchren. Hypnose ist vollkommen sicher, sanft und wirkt unterst\u00fctzend auf K\u00f6rper und Geist. Bis heute ist jeder entspannt und klar aus einer Hypnose zur\u00fcckgekehrt \u2013 oft mit mehr Gelassenheit, Leichtigkeit und innerer St\u00e4rke.","robots":{"index":"index","follow":"follow","max-snippet":"max-snippet:-1","max-image-preview":"max-image-preview:large","max-video-preview":"max-video-preview:-1"},"canonical":"https:\/\/ds-hypnose.de\/index.php\/was-ist-hypnose-wirkung-ablauf-vorteile-ds-hypnose-recklinghausen\/","og_locale":"de_DE","og_type":"article","og_title":"Was ist Hypnose? \u2013 Eine verst\u00e4ndliche Erkl\u00e4rung - Dirk Siemer - Hypnosetherapeut","og_description":"Hypnose ist ein nat\u00fcrlicher Zustand, den jeder Mensch jeden Tag erlebt \u2013 ganz automatisch. Immer dann, wenn wir kurz vor dem Einschlafen sind, kurz vor dem Aufwachen stehen oder gedankenversunken vor dem Fernseher sitzen, gleiten wir in eine leichte Trance. Die Au\u00dfenwelt wird unwichtiger, der K\u00f6rper entspannt sich, und wir sind gleichzeitig wach und tief in uns selbst versunken.Genau diesen Zustand nutzt man in der Hypnose. Er erm\u00f6glicht eine tiefere Form der Entspannung und eine st\u00e4rkere Fokussierung auf das innere Erleben. Sie bekommen dabei alles mit, bleiben jederzeit ansprechbar und behalten zu jedem Moment die volle Kontrolle. Niemand ist w\u00e4hrend einer Hypnose willenlos \u2013 im Gegenteil: Sie erleben bewusst, wie sich innere Ruhe ausbreitet und neue Klarheit entsteht.Sollte sich ein Gef\u00fchl einmal nicht gut anf\u00fchlen, k\u00f6nnen Sie sich jederzeit selbst aus der Hypnose herausf\u00fchren. Hypnose ist vollkommen sicher, sanft und wirkt unterst\u00fctzend auf K\u00f6rper und Geist. Bis heute ist jeder entspannt und klar aus einer Hypnose zur\u00fcckgekehrt \u2013 oft mit mehr Gelassenheit, Leichtigkeit und innerer St\u00e4rke.","og_url":"https:\/\/ds-hypnose.de\/index.php\/was-ist-hypnose-wirkung-ablauf-vorteile-ds-hypnose-recklinghausen\/","og_site_name":"Dirk Siemer - Hypnosetherapeut","article_modified_time":"2025-12-12T23:11:54+00:00","og_image":[{"url":"http:\/\/ds-hypnose.de\/wp-content\/uploads\/2022\/10\/3.jpg","type":"","width":"","height":""}],"twitter_card":"summary_large_image","twitter_misc":{"Gesch\u00e4tzte Lesezeit":"2\u00a0Minuten"},"schema":{"@context":"https:\/\/schema.org","@graph":[{"@type":"WebPage","@id":"https:\/\/ds-hypnose.de\/index.php\/was-ist-hypnose-wirkung-ablauf-vorteile-ds-hypnose-recklinghausen\/","url":"https:\/\/ds-hypnose.de\/index.php\/was-ist-hypnose-wirkung-ablauf-vorteile-ds-hypnose-recklinghausen\/","name":"Was ist Hypnose? \u2013 Eine verst\u00e4ndliche Erkl\u00e4rung - Dirk Siemer - Hypnosetherapeut","isPartOf":{"@id":"https:\/\/ds-hypnose.de\/#website"},"primaryImageOfPage":{"@id":"https:\/\/ds-hypnose.de\/index.php\/was-ist-hypnose-wirkung-ablauf-vorteile-ds-hypnose-recklinghausen\/#primaryimage"},"image":{"@id":"https:\/\/ds-hypnose.de\/index.php\/was-ist-hypnose-wirkung-ablauf-vorteile-ds-hypnose-recklinghausen\/#primaryimage"},"thumbnailUrl":"http:\/\/ds-hypnose.de\/wp-content\/uploads\/2022\/10\/3.jpg","datePublished":"2022-10-19T06:44:01+00:00","dateModified":"2025-12-12T23:11:54+00:00","description":"Hypnose ist ein nat\u00fcrlicher Zustand, den jeder Mensch jeden Tag erlebt \u2013 ganz automatisch. Immer dann, wenn wir kurz vor dem Einschlafen sind, kurz vor dem Aufwachen stehen oder gedankenversunken vor dem Fernseher sitzen, gleiten wir in eine leichte Trance. Die Au\u00dfenwelt wird unwichtiger, der K\u00f6rper entspannt sich, und wir sind gleichzeitig wach und tief in uns selbst versunken.Genau diesen Zustand nutzt man in der Hypnose. Er erm\u00f6glicht eine tiefere Form der Entspannung und eine st\u00e4rkere Fokussierung auf das innere Erleben. Sie bekommen dabei alles mit, bleiben jederzeit ansprechbar und behalten zu jedem Moment die volle Kontrolle. Niemand ist w\u00e4hrend einer Hypnose willenlos \u2013 im Gegenteil: Sie erleben bewusst, wie sich innere Ruhe ausbreitet und neue Klarheit entsteht.Sollte sich ein Gef\u00fchl einmal nicht gut anf\u00fchlen, k\u00f6nnen Sie sich jederzeit selbst aus der Hypnose herausf\u00fchren. Hypnose ist vollkommen sicher, sanft und wirkt unterst\u00fctzend auf K\u00f6rper und Geist. Bis heute ist jeder entspannt und klar aus einer Hypnose zur\u00fcckgekehrt \u2013 oft mit mehr Gelassenheit, Leichtigkeit und innerer St\u00e4rke.","breadcrumb":{"@id":"https:\/\/ds-hypnose.de\/index.php\/was-ist-hypnose-wirkung-ablauf-vorteile-ds-hypnose-recklinghausen\/#breadcrumb"},"inLanguage":"de","potentialAction":[{"@type":"ReadAction","target":["https:\/\/ds-hypnose.de\/index.php\/was-ist-hypnose-wirkung-ablauf-vorteile-ds-hypnose-recklinghausen\/"]}]},{"@type":"ImageObject","inLanguage":"de","@id":"https:\/\/ds-hypnose.de\/index.php\/was-ist-hypnose-wirkung-ablauf-vorteile-ds-hypnose-recklinghausen\/#primaryimage","url":"https:\/\/ds-hypnose.de\/wp-content\/uploads\/2022\/10\/3.jpg","contentUrl":"https:\/\/ds-hypnose.de\/wp-content\/uploads\/2022\/10\/3.jpg","width":191,"height":288},{"@type":"BreadcrumbList","@id":"https:\/\/ds-hypnose.de\/index.php\/was-ist-hypnose-wirkung-ablauf-vorteile-ds-hypnose-recklinghausen\/#breadcrumb","itemListElement":[{"@type":"ListItem","position":1,"name":"Startseite","item":"https:\/\/ds-hypnose.de\/"},{"@type":"ListItem","position":2,"name":"Was ist Hypnose? \u2013 Eine verst\u00e4ndliche Erkl\u00e4rung"}]},{"@type":"WebSite","@id":"https:\/\/ds-hypnose.de\/#website","url":"https:\/\/ds-hypnose.de\/","name":"Dirk Siemer - Hypnosetherapeut","description":"\u201eWenn es innen wieder leiser werden darf.\u201c","publisher":{"@id":"https:\/\/ds-hypnose.de\/#organization"},"potentialAction":[{"@type":"SearchAction","target":{"@type":"EntryPoint","urlTemplate":"https:\/\/ds-hypnose.de\/?s={search_term_string}"},"query-input":{"@type":"PropertyValueSpecification","valueRequired":true,"valueName":"search_term_string"}}],"inLanguage":"de"},{"@type":"Organization","@id":"https:\/\/ds-hypnose.de\/#organization","name":"Dirk Siemer - Hypnosetherapeut","url":"https:\/\/ds-hypnose.de\/","logo":{"@type":"ImageObject","inLanguage":"de","@id":"https:\/\/ds-hypnose.de\/#\/schema\/logo\/image\/","url":"http:\/\/ds-hypnose.de\/wp-content\/uploads\/2022\/10\/PicsArt_04-15-03.37.55.jpg","contentUrl":"http:\/\/ds-hypnose.de\/wp-content\/uploads\/2022\/10\/PicsArt_04-15-03.37.55.jpg","width":257,"height":341,"caption":"Dirk Siemer - Hypnosetherapeut"},"image":{"@id":"https:\/\/ds-hypnose.de\/#\/schema\/logo\/image\/"}}]}},"_links":{"self":[{"href":"https:\/\/ds-hypnose.de\/index.php\/wp-json\/wp\/v2\/pages\/145","targetHints":{"allow":["GET"]}}],"collection":[{"href":"https:\/\/ds-hypnose.de\/index.php\/wp-json\/wp\/v2\/pages"}],"about":[{"href":"https:\/\/ds-hypnose.de\/index.php\/wp-json\/wp\/v2\/types\/page"}],"author":[{"embeddable":true,"href":"https:\/\/ds-hypnose.de\/index.php\/wp-json\/wp\/v2\/users\/1"}],"replies":[{"embeddable":true,"href":"https:\/\/ds-hypnose.de\/index.php\/wp-json\/wp\/v2\/comments?post=145"}],"version-history":[{"count":9,"href":"https:\/\/ds-hypnose.de\/index.php\/wp-json\/wp\/v2\/pages\/145\/revisions"}],"predecessor-version":[{"id":471,"href":"https:\/\/ds-hypnose.de\/index.php\/wp-json\/wp\/v2\/pages\/145\/revisions\/471"}],"wp:attachment":[{"href":"https:\/\/ds-hypnose.de\/index.php\/wp-json\/wp\/v2\/media?parent=145"}],"curies":[{"name":"wp","href":"https:\/\/api.w.org\/{rel}","templated":true}]}}