{"id":429,"date":"2025-12-08T22:31:50","date_gmt":"2025-12-08T20:31:50","guid":{"rendered":"https:\/\/ds-hypnose.de\/?page_id=429"},"modified":"2025-12-09T00:06:08","modified_gmt":"2025-12-08T22:06:08","slug":"ds-hypnose-hypnosepraxis-dirk-siemer","status":"publish","type":"page","link":"http:\/\/ds-hypnose.de\/index.php\/ds-hypnose-hypnosepraxis-dirk-siemer\/","title":{"rendered":"DS-Hypnose \u2013 Hypnosepraxis Dirk Siemer"},"content":{"rendered":"\t\t<div data-elementor-type=\"wp-page\" data-elementor-id=\"429\" class=\"elementor elementor-429\">\n\t\t\t\t\t\t\t\t\t<section class=\"elementor-section elementor-top-section elementor-element elementor-element-78fa5d34 elementor-section-boxed elementor-section-height-default elementor-section-height-default\" data-id=\"78fa5d34\" data-element_type=\"section\">\n\t\t\t\t\t\t<div class=\"elementor-container elementor-column-gap-default\">\n\t\t\t\t\t<div class=\"aux-parallax-section elementor-column elementor-col-100 elementor-top-column elementor-element elementor-element-4afa6742\" data-id=\"4afa6742\" data-element_type=\"column\">\n\t\t\t<div class=\"elementor-widget-wrap elementor-element-populated\">\n\t\t\t\t\t\t\t\t<div class=\"elementor-element elementor-element-5f40904f elementor-widget elementor-widget-text-editor\" data-id=\"5f40904f\" data-element_type=\"widget\" data-widget_type=\"text-editor.default\">\n\t\t\t\t<div class=\"elementor-widget-container\">\n\t\t\t\t\t\t\t<h2 class=\"wp-block-heading\">\u00dcber mich &#8211; Dirk Siemer<\/h2>\n<p><!-- \/wp:heading --><!-- wp:paragraph --><\/p>\n<p>Mein Name ist Dirk Siemer und ich helfe Menschen dabei, innere St\u00e4rke, Ruhe und pers\u00f6nliche Freiheit wiederzuentdecken.<br \/>Mit viel Erfahrung, Empathie und einer speziell entwickelten Hypnosemethode begleite ich Sie auf Ihrem Weg<\/p>\n<p>\u00a0\u2013 achtsam, individuell und l\u00f6sungsorientiert.<\/p>\n<p><!-- \/wp:paragraph --><!-- wp:paragraph --><\/p>\n<p>Hypnose ist f\u00fcr mich nicht nur eine Technik, sondern eine pers\u00f6nliche Herzensangelegenheit:<br \/><strong>Ver\u00e4nderung beginnt genau dort, wo Sie bereit sind, sich selbst wieder n\u00e4herzukommen.<\/strong><\/p>\n<p><!-- \/wp:paragraph --><!-- wp:paragraph --><\/p>\n<p><!-- \/wp:paragraph --><\/p>\t\t\t\t\t\t<\/div>\n\t\t\t\t<\/div>\n\t\t\t\t\t<\/div>\n\t\t<\/div>\n\t\t\t\t\t\t\t<\/div>\n\t\t<\/section>\n\t\t\t\t\t\t\t<\/div>\n\t\t","protected":false},"excerpt":{"rendered":"<p>\u00dcber mich &#8211; Dirk Siemer Mein Name ist Dirk Siemer und ich helfe Menschen dabei, innere St\u00e4rke, Ruhe und pers\u00f6nliche Freiheit wiederzuentdecken.Mit viel Erfahrung, Empathie und einer speziell entwickelten Hypnosemethode begleite ich Sie auf Ihrem Weg \u00a0\u2013 achtsam, individuell und l\u00f6sungsorientiert. Hypnose ist f\u00fcr mich nicht nur eine Technik, sondern eine pers\u00f6nliche Herzensangelegenheit:Ver\u00e4nderung beginnt genau [&hellip;]<\/p>\n","protected":false},"author":2,"featured_media":0,"parent":0,"menu_order":0,"comment_status":"closed","ping_status":"closed","template":"","meta":{"footnotes":""},"class_list":["post-429","page","type-page","status-publish","hentry"],"yoast_head":"<!-- This site is optimized with the Yoast SEO plugin v24.3 - https:\/\/yoast.com\/wordpress\/plugins\/seo\/ -->\n<title>DS-Hypnose \u2013 Hypnosepraxis Dirk Siemer - Dirk Siemer - Hypnosetherapeut<\/title>\n<meta name=\"robots\" content=\"index, follow, max-snippet:-1, max-image-preview:large, max-video-preview:-1\" \/>\n<link rel=\"canonical\" href=\"http:\/\/ds-hypnose.de\/index.php\/ds-hypnose-hypnosepraxis-dirk-siemer\/\" \/>\n<meta property=\"og:locale\" content=\"de_DE\" \/>\n<meta property=\"og:type\" content=\"article\" \/>\n<meta property=\"og:title\" content=\"DS-Hypnose \u2013 Hypnosepraxis Dirk Siemer - Dirk Siemer - Hypnosetherapeut\" \/>\n<meta property=\"og:description\" content=\"\u00dcber mich &#8211; Dirk Siemer Mein Name ist Dirk Siemer und ich helfe Menschen dabei, innere St\u00e4rke, Ruhe und pers\u00f6nliche Freiheit wiederzuentdecken.Mit viel Erfahrung, Empathie und einer speziell entwickelten Hypnosemethode begleite ich Sie auf Ihrem Weg \u00a0\u2013 achtsam, individuell und l\u00f6sungsorientiert. Hypnose ist f\u00fcr mich nicht nur eine Technik, sondern eine pers\u00f6nliche Herzensangelegenheit:Ver\u00e4nderung beginnt genau [&hellip;]\" \/>\n<meta property=\"og:url\" content=\"http:\/\/ds-hypnose.de\/index.php\/ds-hypnose-hypnosepraxis-dirk-siemer\/\" \/>\n<meta property=\"og:site_name\" content=\"Dirk Siemer - Hypnosetherapeut\" \/>\n<meta property=\"article:modified_time\" content=\"2025-12-08T22:06:08+00:00\" \/>\n<meta name=\"twitter:card\" content=\"summary_large_image\" \/>\n<meta name=\"twitter:label1\" content=\"Gesch\u00e4tzte Lesezeit\" \/>\n\t<meta name=\"twitter:data1\" content=\"1\u00a0Minute\" \/>\n<script type=\"application\/ld+json\" class=\"yoast-schema-graph\">{\"@context\":\"https:\/\/schema.org\",\"@graph\":[{\"@type\":\"WebPage\",\"@id\":\"http:\/\/ds-hypnose.de\/index.php\/ds-hypnose-hypnosepraxis-dirk-siemer\/\",\"url\":\"http:\/\/ds-hypnose.de\/index.php\/ds-hypnose-hypnosepraxis-dirk-siemer\/\",\"name\":\"DS-Hypnose \u2013 Hypnosepraxis Dirk Siemer - Dirk Siemer - Hypnosetherapeut\",\"isPartOf\":{\"@id\":\"http:\/\/ds-hypnose.de\/#website\"},\"datePublished\":\"2025-12-08T20:31:50+00:00\",\"dateModified\":\"2025-12-08T22:06:08+00:00\",\"breadcrumb\":{\"@id\":\"http:\/\/ds-hypnose.de\/index.php\/ds-hypnose-hypnosepraxis-dirk-siemer\/#breadcrumb\"},\"inLanguage\":\"de\",\"potentialAction\":[{\"@type\":\"ReadAction\",\"target\":[\"http:\/\/ds-hypnose.de\/index.php\/ds-hypnose-hypnosepraxis-dirk-siemer\/\"]}]},{\"@type\":\"BreadcrumbList\",\"@id\":\"http:\/\/ds-hypnose.de\/index.php\/ds-hypnose-hypnosepraxis-dirk-siemer\/#breadcrumb\",\"itemListElement\":[{\"@type\":\"ListItem\",\"position\":1,\"name\":\"Startseite\",\"item\":\"http:\/\/ds-hypnose.de\/\"},{\"@type\":\"ListItem\",\"position\":2,\"name\":\"DS-Hypnose \u2013 Hypnosepraxis Dirk Siemer\"}]},{\"@type\":\"WebSite\",\"@id\":\"http:\/\/ds-hypnose.de\/#website\",\"url\":\"http:\/\/ds-hypnose.de\/\",\"name\":\"Dirk Siemer - Hypnosetherapeut\",\"description\":\"\u201eWenn es innen wieder leiser werden darf.\u201c\",\"publisher\":{\"@id\":\"http:\/\/ds-hypnose.de\/#organization\"},\"potentialAction\":[{\"@type\":\"SearchAction\",\"target\":{\"@type\":\"EntryPoint\",\"urlTemplate\":\"http:\/\/ds-hypnose.de\/?s={search_term_string}\"},\"query-input\":{\"@type\":\"PropertyValueSpecification\",\"valueRequired\":true,\"valueName\":\"search_term_string\"}}],\"inLanguage\":\"de\"},{\"@type\":\"Organization\",\"@id\":\"http:\/\/ds-hypnose.de\/#organization\",\"name\":\"Dirk Siemer - Hypnosetherapeut\",\"url\":\"http:\/\/ds-hypnose.de\/\",\"logo\":{\"@type\":\"ImageObject\",\"inLanguage\":\"de\",\"@id\":\"http:\/\/ds-hypnose.de\/#\/schema\/logo\/image\/\",\"url\":\"http:\/\/ds-hypnose.de\/wp-content\/uploads\/2022\/10\/PicsArt_04-15-03.37.55.jpg\",\"contentUrl\":\"http:\/\/ds-hypnose.de\/wp-content\/uploads\/2022\/10\/PicsArt_04-15-03.37.55.jpg\",\"width\":257,\"height\":341,\"caption\":\"Dirk Siemer - Hypnosetherapeut\"},\"image\":{\"@id\":\"http:\/\/ds-hypnose.de\/#\/schema\/logo\/image\/\"}}]}<\/script>\n<!-- \/ Yoast SEO plugin. -->","yoast_head_json":{"title":"DS-Hypnose \u2013 Hypnosepraxis Dirk Siemer - Dirk Siemer - Hypnosetherapeut","robots":{"index":"index","follow":"follow","max-snippet":"max-snippet:-1","max-image-preview":"max-image-preview:large","max-video-preview":"max-video-preview:-1"},"canonical":"http:\/\/ds-hypnose.de\/index.php\/ds-hypnose-hypnosepraxis-dirk-siemer\/","og_locale":"de_DE","og_type":"article","og_title":"DS-Hypnose \u2013 Hypnosepraxis Dirk Siemer - Dirk Siemer - Hypnosetherapeut","og_description":"\u00dcber mich &#8211; Dirk Siemer Mein Name ist Dirk Siemer und ich helfe Menschen dabei, innere St\u00e4rke, Ruhe und pers\u00f6nliche Freiheit wiederzuentdecken.Mit viel Erfahrung, Empathie und einer speziell entwickelten Hypnosemethode begleite ich Sie auf Ihrem Weg \u00a0\u2013 achtsam, individuell und l\u00f6sungsorientiert. Hypnose ist f\u00fcr mich nicht nur eine Technik, sondern eine pers\u00f6nliche Herzensangelegenheit:Ver\u00e4nderung beginnt genau [&hellip;]","og_url":"http:\/\/ds-hypnose.de\/index.php\/ds-hypnose-hypnosepraxis-dirk-siemer\/","og_site_name":"Dirk Siemer - Hypnosetherapeut","article_modified_time":"2025-12-08T22:06:08+00:00","twitter_card":"summary_large_image","twitter_misc":{"Gesch\u00e4tzte Lesezeit":"1\u00a0Minute"},"schema":{"@context":"https:\/\/schema.org","@graph":[{"@type":"WebPage","@id":"http:\/\/ds-hypnose.de\/index.php\/ds-hypnose-hypnosepraxis-dirk-siemer\/","url":"http:\/\/ds-hypnose.de\/index.php\/ds-hypnose-hypnosepraxis-dirk-siemer\/","name":"DS-Hypnose \u2013 Hypnosepraxis Dirk Siemer - Dirk Siemer - Hypnosetherapeut","isPartOf":{"@id":"http:\/\/ds-hypnose.de\/#website"},"datePublished":"2025-12-08T20:31:50+00:00","dateModified":"2025-12-08T22:06:08+00:00","breadcrumb":{"@id":"http:\/\/ds-hypnose.de\/index.php\/ds-hypnose-hypnosepraxis-dirk-siemer\/#breadcrumb"},"inLanguage":"de","potentialAction":[{"@type":"ReadAction","target":["http:\/\/ds-hypnose.de\/index.php\/ds-hypnose-hypnosepraxis-dirk-siemer\/"]}]},{"@type":"BreadcrumbList","@id":"http:\/\/ds-hypnose.de\/index.php\/ds-hypnose-hypnosepraxis-dirk-siemer\/#breadcrumb","itemListElement":[{"@type":"ListItem","position":1,"name":"Startseite","item":"http:\/\/ds-hypnose.de\/"},{"@type":"ListItem","position":2,"name":"DS-Hypnose \u2013 Hypnosepraxis Dirk Siemer"}]},{"@type":"WebSite","@id":"http:\/\/ds-hypnose.de\/#website","url":"http:\/\/ds-hypnose.de\/","name":"Dirk Siemer - Hypnosetherapeut","description":"\u201eWenn es innen wieder leiser werden darf.\u201c","publisher":{"@id":"http:\/\/ds-hypnose.de\/#organization"},"potentialAction":[{"@type":"SearchAction","target":{"@type":"EntryPoint","urlTemplate":"http:\/\/ds-hypnose.de\/?s={search_term_string}"},"query-input":{"@type":"PropertyValueSpecification","valueRequired":true,"valueName":"search_term_string"}}],"inLanguage":"de"},{"@type":"Organization","@id":"http:\/\/ds-hypnose.de\/#organization","name":"Dirk Siemer - Hypnosetherapeut","url":"http:\/\/ds-hypnose.de\/","logo":{"@type":"ImageObject","inLanguage":"de","@id":"http:\/\/ds-hypnose.de\/#\/schema\/logo\/image\/","url":"http:\/\/ds-hypnose.de\/wp-content\/uploads\/2022\/10\/PicsArt_04-15-03.37.55.jpg","contentUrl":"http:\/\/ds-hypnose.de\/wp-content\/uploads\/2022\/10\/PicsArt_04-15-03.37.55.jpg","width":257,"height":341,"caption":"Dirk Siemer - Hypnosetherapeut"},"image":{"@id":"http:\/\/ds-hypnose.de\/#\/schema\/logo\/image\/"}}]}},"_links":{"self":[{"href":"http:\/\/ds-hypnose.de\/index.php\/wp-json\/wp\/v2\/pages\/429","targetHints":{"allow":["GET"]}}],"collection":[{"href":"http:\/\/ds-hypnose.de\/index.php\/wp-json\/wp\/v2\/pages"}],"about":[{"href":"http:\/\/ds-hypnose.de\/index.php\/wp-json\/wp\/v2\/types\/page"}],"author":[{"embeddable":true,"href":"http:\/\/ds-hypnose.de\/index.php\/wp-json\/wp\/v2\/users\/2"}],"replies":[{"embeddable":true,"href":"http:\/\/ds-hypnose.de\/index.php\/wp-json\/wp\/v2\/comments?post=429"}],"version-history":[{"count":7,"href":"http:\/\/ds-hypnose.de\/index.php\/wp-json\/wp\/v2\/pages\/429\/revisions"}],"predecessor-version":[{"id":440,"href":"http:\/\/ds-hypnose.de\/index.php\/wp-json\/wp\/v2\/pages\/429\/revisions\/440"}],"wp:attachment":[{"href":"http:\/\/ds-hypnose.de\/index.php\/wp-json\/wp\/v2\/media?parent=429"}],"curies":[{"name":"wp","href":"https:\/\/api.w.org\/{rel}","templated":true}]}}